t r be (5/10)/(v/(-10) + -3). What is the greatest common divisor of r and 5?
5
Suppose -2*m = -4*m + 32. Let j(s) = 52*s**2 + 398*s + 64. Let n be j(-8). Calculate the highest common divisor of n and m.
16
Let w = -16241 + 16314. What is the greatest common divisor of 5183 and w?
73
Let m(o) = -o + 13. Suppose 4*d - 7*d = 96. Let p be 29/(-5) - (d/40 - 0). Let a be m(p). What is the greatest common factor of a and 18?
18
Suppose -44*b = -53*b + 2520. Let t(x) = -15*x + 6*x + 2 - 3. Let v be t(-4). Calculate the highest common divisor of v and b.
35
Suppose 3*p + 10 + 41 = 2*q, 5*q = 2*p + 111. Suppose 5*z = -25, -1373 = -5*s - 3*z - 233. What is the highest common factor of q and s?
21
Suppose -10 = -g + 5*f - 6, 3*g + 5*f - 12 = 0. Suppose 0 = 2*y, -35 = -2*b + g*y + 199. Calculate the highest common divisor of 13 and b.
13
Let j = -10267 - -10396. What is the greatest common divisor of 213 and j?
3
Let o be 267 + (6/(-39) - (-2528)/208). Calculate the greatest common divisor of o and 4.
1
Let x(f) = 5*f**2 + 4*f. Let r be x(4). Suppose 2*u + 2*c = -2*c, 0 = -3*u - 4*c. Suppose -3*w - 8*w + 132 = u. What is the highest common factor of w and r?
12
Suppose 12152*a - 12185*a = -173448. Calculate the greatest common factor of a and 219.
219
Let d be (165/4)/(-27*(-20)/1440). What is the greatest common factor of d and 715?
55
Let w be (52/14 - 0) + 10/35. Suppose -19 = 3*l + 4*p, w*p + 12 = -l - 5. Let r be (l - (-1)/2) + 246/12. Calculate the highest common divisor of r and 70.
10
Let s(c) = 49*c - 182. Let x be s(5). Suppose 20*v = 23*v - x. What is the highest common factor of 21 and v?
21
Suppose 0 = -86*b + 82*b + 180. Let d(t) = 46*t**2 + t. Let k be d(-1). What is the greatest common factor of k and b?
45
Suppose -31*h + 43349 = -2035. Suppose 25*s - 186 = h. Let f = -7 - -13. Calculate the greatest common divisor of s and f.
6
Let l = 39 + -24. Suppose 59 = 6*z + 47. Let s be 25/(-2)*((-48)/5)/z. Calculate the highest common factor of l and s.
15
Let r(j) = 4*j**2 + 145*j + 865. Let v be r(-6). What is the highest common factor of 3197 and v?
139
Let m = -1616 + 2666. Calculate the highest common divisor of m and 225.
75
Suppose 25 = 4*k + 3*u - 843, 4*k + u - 868 = 0. Calculate the highest common factor of 28 and k.
7
Let i(u) = 80*u + 126. Let a(b) = 27*b + 42. Let d(r) = 10*a(r) - 3*i(r). Let g be d(3). Calculate the greatest common divisor of g and 36.
12
Suppose s - 2*r + 171 = 911, -3*r + 710 = s. Calculate the highest common divisor of 468 and s.
52
Let k be ((-7000)/4500)/(2/(-18)). Suppose -m + 4*m + 303 = 3*s, 4*m + 12 = 0. Calculate the greatest common divisor of k and s.
14
Let y = -1201 - -3229. What is the highest common factor of y and 78?
78
Suppose 0 = 3*w + 493 + 194. Let f = 239 + w. What is the greatest common factor of f and 110?
10
Let j be ((-6)/24)/((-15)/55020). What is the highest common divisor of 1441 and j?
131
Let c be ((1 - 4) + 12)*2/6. Let b be c - 30/4*-2. Let z be (0 - -1) + -3 + 20. What is the highest common factor of z and b?
18
Let s(l) = 170*l**2 + 560*l + 1115. Let h be s(-2). Calculate the greatest common divisor of 27 and h.
27
Let k(w) = -w**3 - 3*w + 6. Let o be k(-3). Suppose 0 = -p + 3*h + 5, 5*p - 8*h + 10*h - o = 0. What is the greatest common divisor of 1112 and p?
8
Let m = 20941 + -20796. What is the greatest common divisor of 2059 and m?
29
Let v(j) = j**2 - 8*j + 4. Let w be v(8). Let i be (-114)/(-2) - 34/((-102)/(-39)). What is the highest common factor of w and i?
4
Suppose -146*b + 142*b - 2*t + 308 = 0, 5*t = 2*b - 190. Suppose -y - 2*y + 97 = -o, 0 = -5*y - 4*o + 156. What is the greatest common factor of b and y?
16
Let f(j) = -22 + 33*j + 8 + 0 - 38. Let o be f(2). Suppose y = 6*y - 210. Calculate the highest common divisor of y and o.
14
Let k = -8478 - -8512. What is the greatest common factor of k and 82?
2
Let k be 53*32/40 + (-14)/35. What is the greatest common divisor of k and 889?
7
Let k be 15/60 - 5877/(-12). Let a = k + -115. What is the greatest common divisor of 15 and a?
15
Suppose -3*x - 4*j = -4*x - 62, 27 = -x - 3*j. Let d = x - -38. Let k be (12/(-2))/12 + (-86)/d. What is the highest common divisor of k and 3?
3
Let c be ((-15)/(-5) - 4) + 166. Suppose 0 = -0*r - 5*r + 185. Suppose 0 = -u + 3*a + 21, 2*u + 4*a - r = -u. Calculate the highest common factor of c and u.
15
Let g be -26*((-155)/20 - -9)*(-11 + 1). What is the highest common divisor of 775 and g?
25
Let z(h) = 2*h**2 + 121*h - 1221. Let d be z(13). What is the highest common divisor of d and 60?
30
Let q = 3834 - 3123. What is the greatest common factor of q and 6?
3
Suppose -1622 = -4*m - 3*h, -28 = -m + 3*h + 370. Calculate the highest common divisor of 4 and m.
4
Let z be (48/(-216) + 530/(-45))*178/(-6). Calculate the highest common factor of z and 1958.
178
Suppose 2428 = -20*q + 6328. What is the greatest common factor of q and 78?
39
Let f(b) = -92*b + 3178. Let t be f(32). Calculate the highest common divisor of t and 6.
6
Let i = -514 - -42. Let y = -457 - i. Calculate the highest common factor of 12 and y.
3
Suppose -5*i - 217*j = -212*j - 145, 3*i - 59 = j. Calculate the highest common divisor of 1606 and i.
22
Suppose -2*b - 235 = -2*q + 3*b, 5*q - 602 = -2*b. Let t = -324 - -402. Let o = -63 + t. Calculate the greatest common factor of q and o.
15
Suppose 52382*b - 52390*b = -1320. Calculate the greatest common factor of b and 225.
15
Let n be 4/18 + 11*2/(-18). Let s be 3/n + 5 - -4. Let g be s + -2 + 1 + 0. What is the highest common divisor of 15 and g?
5
Let d = -24381 + 24414. Calculate the greatest common divisor of 17457 and d.
33
Suppose 300 = 4*k + k. Let y(f) = -f**3 - 3*f**2 + 13*f + 75. Let l be y(0). Calculate the greatest common divisor of l and k.
15
Let a(f) = -f + 83. Suppose -86 = 4*v - 7*v - l, -v + 33 = -4*l. Let c be a(v). What is the greatest common factor of c and 459?
27
Let c be ((-18)/(-15))/((-9)/45) - -395. Suppose 2*z - c - 153 = k, -278 = -z - 3*k. What is the greatest common factor of 170 and z?
34
Let v = 3281 + -3273. Calculate the greatest common divisor of 6160 and v.
8
Let v(k) = -2*k**2 + 17*k - 16. Let a = 9 + -2. Let d be v(a). Suppose 19 = d*i - 86. What is the greatest common factor of i and 7?
7
Let f = 38 + -23. Let u(k) = -2*k + 22. Let s be u(11). Suppose -t = 2*r - 52, s = -r + t + 4*t + f. What is the greatest common factor of 20 and r?
5
Suppose 0 = -g - 2*m + 19, 5*g - 80 = g - 4*m. Let s = -334 + 369. Suppose -s*d = -51*d + 3024. Calculate the greatest common factor of g and d.
21
Suppose 5*m - 5*c = -6*c + 3180, -c - 1279 = -2*m. Calculate the highest common divisor of 91 and m.
91
Suppose 3751 = -48*k + 26*k + 53*k. What is the greatest common factor of 836 and k?
11
Let h be (-1 + 9/5)*90/36. Suppose h*w = 1 + 9. Suppose 0 = 3*d + 2*t - 781, w*d + 2*t = d + 1040. Calculate the highest common divisor of d and 37.
37
Let z = 209836 - 209707. Suppose -2*h + 58 + 286 = 0. Calculate the highest common divisor of z and h.
43
Let i(a) = -2*a + 23. Let j be i(9). Suppose -j*u = 4*n + 45, -4*u + 5 + 0 = -5*n. Let t be (-3)/u - (-204)/10. What is the greatest common divisor of 84 and t?
21
Let t(k) = -76*k - 13. Let i be t(-19). Suppose -i = 139*r - 142*r. Calculate the greatest common factor of 9 and r.
9
Suppose 2*i + 6*i + 88 = 304. Let z = 196 - 97. What is the highest common divisor of z and i?
9
Suppose 12*o + 46 = -26. Let y(t) = 12*t**2 - 19*t + 14. Let q be y(o). What is the highest common factor of 80 and q?
80
Let c(k) = -k**3 + 3*k**2 - 5*k - 22. Let n be c(8). Let u be (-2)/4*(2 + n). Calculate the highest common divisor of 10 and u.
10
Suppose 405 = -17*v + 62*v. Calculate the greatest common divisor of 153 and v.
9
Suppose -19168 - 2332 = -86*v. Calculate the highest common divisor of v and 875.
125
Let z = -89 + 104. Suppose 0 = 6*y - 5*y + z. Let u be (-4)/(-5)*y/(-2). What is the greatest common factor of u and 6?
6
Suppose 0 = -m + a + 23471, -3*m = -m + 4*a - 46918. What is the highest common factor of 31 and m?
31
Suppose -639*h + 612*h = -2376. Calculate the highest common divisor of h and 2244.
44
Suppose k - 5*k = o + 1484, -o = 2*k + 740. Let m = k + 600. Calculate the highest common divisor of 48 and m.
12
Let